p?
0
Let q(f) = f**2 + f - 1. Let x be q(2). Suppose -x = v - 2*v. Suppose 38*z - 624 = -168. Calculate the remainder when z is divided by v.
2
Let y(b) be the third derivative of 5*b**4/12 - 11*b**3/6 - 16*b**2. Let o be (-1)/((-36)/32 - -1). Calculate the remainder when y(o) is divided by 18.
15
Let w = 223 - 215. What is the remainder when 39 is divided by w?
7
Calculate the remainder when 97 is divided by (73 + -38)/(0 + 1).
27
Let z = 562 - 549. What is the remainder when 78 is divided by z?
0
Let f(j) = 2*j**2 - 10*j + 8. Let y be 42/1*((-8)/(-12))/(-1). Let x = 87 + y. What is the remainder when x is divided by f(6)?
19
Let v = 77 + -74. Suppose v*r + r - 332 = 0. What is the remainder when r is divided by 22?
17
Let o = -64 + 39. Calculate the remainder when 31 is divided by o/(-10)*(-34)/(-5).
14
Let r(x) = 7*x - 63. What is the remainder when r(16) is divided by 4?
1
What is the remainder when 78 is divided by 10/(30/63) + 6?
24
Let g = 61 - 111. Let j = -37 - g. Calculate the remainder when j is divided by 3.
1
Suppose -a - 4*s = -41, -81*a - s + 300 = -76*a. What is the remainder when 229 is divided by a?
46
Suppose 15*u + 80 = 20*u. Suppose -3*r = -5*w - 97 + u, -5*w = 0. Calculate the remainder when 3/(-6) - 214/(-4) is divided by r.
26
Suppose 8*g - 25*g = -85. Suppose -12 = -0*j - 3*j. Suppose s + 3*s = -g*o + 78, j*o = -s + 58. Calculate the remainder when 25 is divided by o.
11
Let d(t) = -3*t + 0 - 2 + 0 - t**2 + 3*t**3 + 0*t. Let s be d(-1). Calculate the remainder when 63 is divided by 11 - (3/s + -1).
11
Let u be 1/3 - (-22)/6. Suppose 4*t = u*w - 14 - 170, 0 = 3*t + w + 138. What is the remainder when (t + 0)*(1 + -2) is divided by 16?
14
Let r(d) = 5*d**2 - 8*d - 19. Calculate the remainder when r(7) is divided by 57.
56
Let p(g) be the second derivative of -g**4/6 + 41*g**3/6 - 13*g**2 + 9*g. What is the remainder when p(18) is divided by 11?
9
Suppose -194 = -4*s + 186. Calculate the remainder when s is divided by (-2 - 4)/(1/(-4)).
23
Suppose 11 - 13 = -r. Suppose -3*j + 30 = -r*j. Calculate the remainder when j is divided by 11.
8
Let s = 31 - 31. What is the remainder when 103 is divided by (-4 + s + 3)*-35?
33
Suppose -178 = -y - 94. What is the remainder when 250 is divided by y?
82
Let h be (48/(-30))/(4/30). Let j = h - -14. Suppose -10 - 16 = -j*g. What is the remainder when 23 is divided by g?
10
Let f(o) = -o + 52. Let g be (220/77)/(4/14). Suppose z - 2*i - 7 - 8 = 0, -2*i + 40 = 4*z. Calculate the remainder when f(g) is divided by z.
9
Suppose 5194*i = 5185*i + 99. Calculate the remainder when 76 is divided by i.
10
Suppose 0 = -4*o + 12, -z + 95 + 127 = -o. Suppose -4*v = v - z. Let x = -5 + 17. Calculate the remainder when v is divided by x.
9
Suppose 5*w + 27 = -2*q + 4*q, -60 = -4*q + 4*w. Suppose -2*c - 4*c = -54. Calculate the remainder when q is divided by c.
7
Let u(g) = -g**3 + 13*g**2 + 4*g - 13. Calculate the remainder when 232 is divided by u(13).
37
Let g(i) = -i**3 - 6*i**2 + 15*i - 10. Let h be g(-8). Calculate the remainder when h/(-6) + 4240/24 is divided by 20.
17
Let n(v) = 2*v**3 - 3*v**2 + 3*v - 3. Suppose -16 = -4*d, -3*z - 4*d = -0*z - 76. What is the remainder when z is divided by n(2)?
6
What is the remainder when ((-1)/3)/(-1) - (-2200)/24 is divided by 51?
41
Let l = 1535 + -876. What is the remainder when l is divided by 55?
54
Let c = 209 - 86. What is the remainder when c is divided by 21?
18
Let x = -265 + 310. Suppose 2*u + u + 12 = 0, h + 5*u + 17 = 0. Suppose s + 67 = 4*s - 5*y, h*s + 2*y = 74. Calculate the remainder when x is divided by s.
21
Suppose 0 = 2*h - 18*h + 96. Calculate the remainder when 9 is divided by h.
3
Let b = 445 + -434. Let f be (1*4 - 1)/1. Suppose -f*i = 3*p - 51, -3*p = -2*p - i - 25. What is the remainder when p is divided by b?
10
Let x = 71 + 15. Let a(s) = -20*s + 2. What is the remainder when x is divided by a(-1)?
20
Let w(x) = -x**3 - 9*x**2 - 11*x + 26. Calculate the remainder when 246 is divided by w(-8).
46
Let r = 88 - 83. Suppose -r*z - 2*j = -19 - 8, -4*z - j = -21. Calculate the remainder when 18 is divided by z.
3
Suppose 0 = -2*v + 3*v - 13. Let m be ((-360)/27)/((-1)/3). Suppose 4*x + 3*c - 11 = 0, -5*x + 9*c = 4*c - m. Calculate the remainder when v is divided by x.
3
Let g = -434 + 466. What is the remainder when g is divided by 11?
10
Let a(q) = -5*q - 52. Calculate the remainder when a(-16) is divided by 11.
6
Suppose 6*t = 3*t + 123. Let c = t + -30. What is the remainder when c is divided by 6?
5
What is the remainder when ((-77)/(-28) + 6)*(-24)/(-3) is divided by 39?
31
Let f = 147 - 133. Calculate the remainder when 27 is divided by f.
13
Let r = 129 + -163. Let t = -7 - r. Calculate the remainder when t is divided by 16.
11
Suppose 84 + 47 = 3*j - 2*r, 2*j + 2*r = 94. What is the remainder when 1611/(-3)*-4*(-8)/(-96) is divided by j?
44
Let n(v) = -2*v**3 + 23*v**2 + 4*v - 5. Let j(a) = a**2 - a - 1. Let k(z) = 4*j(z) - n(z). What is the remainder when k(10) is divided by 9?
3
Let d(g) = 2*g**2 + 5. Let o = 16 - 18. Let v(j) = 2*j**2 - j + 4. Let r(n) = o*v(n) + 3*d(n). Calculate the remainder when r(-4) is divided by 17.
14
Let r(l) = l**3 - 7*l**2 + 4*l - 16. Let z be r(7). Suppose -3*c + 7 = -w, -7*w + 3*w + z = -2*c. What is the remainder when 11 is divided by c?
3
Suppose -28*d + 30*d - 16 = 0. Calculate the remainder when (-1446)/(-48) - 2/16 is divided by d.
6
Let c(r) be the first derivative of r**2/2 + 29*r - 12. Calculate the remainder when c(17) is divided by 24.
22
Let f = 230 - 201. What is the remainder when f is divided by 11?
7
Suppose 0 = 3*c + m + 34, 9 = -c + 3*m - m. Let k(t) = -t**2 - 10 + 34 + 0*t**2 - 9*t. Calculate the remainder when 5 is divided by k(c).
1
Calculate the remainder when 57/(-1)*(-7 - -52)/(-15) is divided by 29.
26
Let h(m) = m**3 - 20*m**2 + 37*m - 6. Let s be (-121)/(-7) + 1 - (-4)/(-14). What is the remainder when 20 is divided by h(s)?
8
Let s = 136 - 111. Calculate the remainder when s is divided by 7.
4
Calculate the remainder when 98 is divided by (-4)/30 - (5797/(-165) - 1).
26
Let x(o) = -o**3 - 15*o**2 + 12*o - 25. Suppose 3*y - 42 = y. Calculate the remainder when x(-16) is divided by y.
18
Suppose 0 = -10*d + 12*d - 34. Calculate the remainder when 21 is divided by d.
4
Suppose 2 + 0 = -4*r - 5*d, 0 = -4*r + 4*d + 16. Suppose 12 = r*c + c. What is the remainder when c is divided by 4?
0
Let p = 4 - -4. Suppose -4*h - 212 = -p*h. Let i = h - -1. Calculate the remainder when i is divided by 14.
12
Suppose 4*k - 14*m - 141 = -11*m, 2*k - 74 = -2*m. Calculate the remainder when 177 is divided by k.
33
Suppose -5*k + 3*g = 7, -12 = -4*k - 3*g + g. Suppose -2*n = k - 5, 0 = -2*i - n + 4. Calculate the remainder when 2 + -8 + 3 - -4 is divided by i.
0
Calculate the remainder when 2295/34 - (-3)/(-6) is divided by 26.
15
Suppose 7*y - 50 - 34 = 0. Let n(s) = -2*s**3 + 2*s - 1. What is the remainder when n(-3) is divided by y?
11
Suppose 3*z = -0*g + g + 65, 3*g + 15 = 0. Suppose 4*d - 313 = u, 2*d + 2*d + u = 311. Calculate the remainder when d is divided by z.
18
Let p be (18/(-24))/(2/(-32)). Suppose -30 = -5*k + u - 10, -p = -3*k - 4*u. Let r(c) = 2*c**2 - 5*c + 4. What is the remainder when r(k) is divided by 9?
7
Suppose 27*c + 15 = 28*c. Suppose 2 = -2*d + 5*l + 136, -3*d = 5*l - 226. What is the remainder when d is divided by c?
12
Let x be 1 + ((-8)/(-14) - 6/(-14)). Suppose 0 = n - 3*n + 12. Calculate the remainder when n is divided by (-4)/8*x - -3.
0
Let i(r) = -r**3 + 148. Let m be i(0). Suppose 214 = 4*l - 2*t, 0*l + t - m = -3*l. What is the remainder when l is divided by 18?
15
Let f = 443 + -434. Let u(p) = -p**2 - 8*p + 2. What is the remainder when u(-5) is divided by f?
8
Let h be (1 - 0)/((-7)/(-35)). Suppose 24 = -s + h*s. Suppose -u + 2*f + s = 0, 2*u - 4*u - 2*f + 42 = 0. Calculate the remainder when 31 is divided by u.
15
Let y(j) = -j**3 - 4*j**2 + 2*j + 3. Let u = -27 - -36. Calculate the remainder when y(-6) is divided by (3 - u)/(6/(-16)).
15
Let x be 5/((-30)/(-9)) - 18/(-12). Suppose -4*t + x*g + 51 = 0, -g + 0*g = -4*t + 49. What is the remainder when 20 is divided by t?
8
Suppose v - 2*v + 135 = 2*w, 0 = 5*v - 4*w - 605. Let z(u) = -u**2 + 1